j + 3. Determine b(r).
-15
Let j(s) = 7*s + s - 3*s. Let i = -11 + 15. Suppose 0*g + i = -4*g. Give j(g).
-5
Let q(u) be the second derivative of u**3/3 - u**2/2 + 5*u. Determine q(-6).
-13
Let m(j) be the third derivative of j**4/4 + j**3/3 + j**2. Give m(-3).
-16
Let v be 40/8*(-2)/(-2). Let l = v - 4. Let m(u) = 5*u - 1. What is m(l)?
4
Let n(t) = 2*t**2 - 1. Let y(g) = -5*g**2 - g + 7. Let r(b) = 6*n(b) + y(b). Let k = -1 + 2. Give r(k).
7
Let j(b) = -6*b - 4*b**3 - 5*b**2 + 5*b + 5*b**3. What is j(5)?
-5
Suppose 0 = b - 18 + 16. Let k(f) = 2*f**3 - 3*f**2 + f. Calculate k(b).
6
Let p(f) = -f. Let i(r) = r**2 + 8*r - 13. Let n be i(-9). Give p(n).
4
Let g(z) = -4*z**2 - 3*z + 5. Let a(h) = h**2 - h - 1. Let w(s) = 3*a(s) + g(s). Let p(d) = -d - 2. Let c be p(3). Calculate w(c).
7
Suppose s + q = 5, 7*q - 17 = -s + 2*q. Let j(r) = 4*r - 1. What is j(s)?
7
Let s = -11 + 11. Suppose s = -2*m - 2*m + 4. Let y(z) = 8*z**2 + z - 1. What is y(m)?
8
Suppose -4*i + 5 = -2*i + 5*y, -4*i - 2*y + 2 = 0. Suppose i = -3*o + 2 + 10. Suppose 3 = o*s - 1. Let w(b) = -3*b**2. Calculate w(s).
-3
Let b(n) be the second derivative of 1/3*n**3 - n + 0 - 2*n**2. Let z(p) = -p + 1. Let i be z(-2). Calculate b(i).
2
Suppose 2*f + 4*h = 3*f - 13, -18 = -4*f - h. Suppose 0 = f*c - c. Let b(v) = -v**2 + 2*v**2 + 2*v + c*v**2 - 1. Determine b(-2).
-1
Let j(i) be the first derivative of -3 + 1/2*i**2 + 9*i. Determine j(-5).
4
Let q(h) = 3 + 3 + 3*h**3 - 8*h**2 - 2*h**3. Determine q(8).
6
Let d(m) = -m. Let k be 1 + -5 - (-2 - -2). Let c(z) = z - 1. Let u(r) = k*d(r) - 5*c(r). Determine u(4).
1
Let q(f) = 5*f + 3. Let m(h) = -6*h - 4. Let w(u) = -4*m(u) - 5*q(u). Suppose -p = 3*y + 23, 0 = 4*y - p + 14 + 5. Let r be (y/8)/((-3)/24). Give w(r).
-5
Suppose -g - 2*g = -6. Suppose -10 + g = -4*u, 5*b - 4*u = -3. Let f(t) = 4*t - 5. Let a(q) = -q + 1. Let n(x) = 6*a(x) + f(x). Give n(b).
-1
Let w(z) = 15*z**3 + 4 + z + z**2 - 16*z**3 - 7*z**2 + 2*z. Determine w(-6).
-14
Let d be (2/(-2) - -1)/3. Suppose 6*q - q - 30 = d. Let h(i) = i**3 - 6*i**2 - i + 3. Determine h(q).
-3
Let h(p) = -p + 6. Suppose 0 = 2*s - 7*s + 30. What is h(s)?
0
Suppose -2*m = -3 - 1. Let u(t) = 2*t. Determine u(m).
4
Let o = 7 - 4. Suppose 0 = j - 5*m + 28, -m = -j - o*m + 7. Let d(t) = -t**2 - 2*t + 3. Give d(j).
0
Let z(g) = -g**2 + 9*g - 10. Let s be z(7). Let p(w) be the second derivative of -w**3/2 + 3*w**2 - 2*w. What is p(s)?
-6
Let f(l) = l + 8. Let x(q) = -3*q - 16. Let y(p) = -5*f(p) - 2*x(p). Suppose 5*a = -n + 20, 2*a = -0*a + 6. Give y(n).
-3
Let k(n) be the second derivative of -n**4/12 + 5*n**3/6 + 3*n**2/2 + 24*n. Calculate k(6).
-3
Suppose 5*k = -u + 1 - 2, 3 = -3*u - 2*k. Let i(t) be the first derivative of -9*t**4/4 - t**2/2 + 5. Determine i(u).
10
Let p be (-2)/(-4)*1*2. Suppose -4*z - p = -9. Let i(q) = -2 + 1 - 3*q + z. Determine i(-2).
7
Let j(y) = y**2 + 3*y - 6*y**2 - y**3 + y**2 + 2. Calculate j(-4).
-10
Let t be -2*((4 - 3) + -4). Let f(h) = 9*h**2 - 3*h - 16. Let o(c) = 5*c**2 - c - 8. Let u(a) = t*f(a) - 11*o(a). Determine u(-6).
-2
Let i be ((-6)/(-9))/(2/9). Let k = -3 + i. Let m be k + 10/2 + 0. Let b(s) = s**3 - 5*s**2 - 2*s + 7. What is b(m)?
-3
Suppose 4*n = -14 - 6. Let y(g) = -61 + 64 - g + 2*g. Calculate y(n).
-2
Let o(i) = -6*i - 2. Let b(c) be the third derivative of c**4/24 + c**3/6 - c**2. Let g(m) = 4*b(m) + o(m). Give g(2).
-2
Let i(q) = q**2 - 11*q + 13. Let f be i(10). Let s(a) = 4 + 4*a**2 - a**3 - 4*a**3 + 1 + 6*a**f. Let g be (-1 - -5)/(2/(-2)). Determine s(g).
5
Let d(m) = m**2 + 4*m - 3. Let n = -57 + 59. Determine d(n).
9
Let l(a) = -a - 1. Let y(v) = 2*v + 10. Let w(f) = -3*l(f) - y(f). Let z(s) = s**2 + 7*s. Let k be z(-7). Calculate w(k).
-7
Let c be -5 + 7 + -1 + 1. Suppose -c*b + 1 = -b. Let o(u) = 8*u**3 - u**2 + 2*u - 1. What is o(b)?
8
Let c be (-1)/((-6)/(-4))*6. Let o = 2 + c. Let t(m) = -530 - m**2 + 1064 - 532. Calculate t(o).
-2
Let m(s) be the second derivative of s**4/12 + 3*s**2 + 5*s. Calculate m(0).
6
Let d(a) = -a**3 - a**2 + a - 9. Let s(o) = -o + 9. Let z be s(8). Let t = z + -1. Determine d(t).
-9
Let w(b) be the second derivative of b**3/6 + 3*b**2/2 - 38*b. What is w(9)?
12
Let a(u) = u**2 - 4*u - 42. Let g be a(9). Let j(s) be the first derivative of 1/2*s**2 + g + s. Give j(0).
1
Let k be (-8)/(-12)*1*-9. Let l(p) = -p**3 - 2*p**2 - p - 1. Let m(v) = 3*v**3 + 11*v**2 + 7*v + 4. Let t(z) = 2*l(z) + m(z). What is t(k)?
8
Let j = 0 - 4. Let y(b) = 5*b + 2. Let i(d) be the third derivative of 11*d**4/24 + 5*d**3/6 + 2*d**2. Let v(x) = 6*i(x) - 13*y(x). Determine v(j).
0
Let u(n) = n**3 - 4*n**2 + n - 9. Let r be u(4). Let j(s) = s**2 + 9*s + 2. What is j(r)?
-18
Let u(q) = q**2 + 8*q - 4. Suppose c + 5*h + 29 = 0, -6*c - 2*h = -2*c + 44. Give u(c).
5
Let m(u) = -u + 3. Let s be (-1 + 8)/(1/1). Let l be m(s). Let w(f) = f**2 + 6*f + 4. Calculate w(l).
-4
Let y(p) = -3*p + 6. Let l be 4 - (-7)/(14/(-4)). Let g(w) = w**3 - 2*w - 1. Let t be g(3). Suppose -k + 4*k = 5*q - t, -4 = -q - l*k. Determine y(q).
-6
Suppose 0*r = 4*r + 8. Let q(b) be the second derivative of -b**4/12 + b**2/2 - b. Calculate q(r).
-3
Let q(u) be the first derivative of -2*u**2 + 7*u + 3. Let x(w) = -11*w + 20. Let m(t) = 17*q(t) - 6*x(t). Determine m(-5).
9
Suppose 0 = 5*w - 5, -3*w + 3 - 4 = -2*g. Let z be 15/9 - g/(-6). Let j(u) = 74 - 3*u - 74 + u**z. Give j(5).
10
Let k(z) = -3*z**2 + 11*z + 35. Let g(v) = -v**2 + 4*v + 12. Let c(u) = 11*g(u) - 4*k(u). Suppose -4*p = 3 + 1. Let n be 0/(-1)*1/p. Give c(n).
-8
Let f(b) = 3*b. Let r = -10 - -12. Calculate f(r).
6
Suppose 17*r - 12*r - 10 = 0. Let k(p) = p**2 - 2*p. Give k(r).
0
Suppose 3 = k - 2, -t - 6 = -k. Let u(x) = 11*x + 1. Let f(g) = -12*g - 1. Let i(p) = 5*f(p) + 6*u(p). Determine i(t).
-5
Let o(a) = -122*a**3 - 2*a - 113*a**3 + 1 + 236*a**3 + 6*a**2. Determine o(-6).
13
Let c(z) be the third derivative of z**9/60480 - z**8/4032 - z**7/5040 + z**6/144 + z**5/20 - 2*z**2. Let j(q) be the third derivative of c(q). Give j(5).
0
Let t(o) = -o**2 + 3*o - 1. Let s(h) = -h**2 + 2*h. Let k(c) = -3*s(c) + 4*t(c). Let j(i) be the first derivative of k(i). Give j(4).
-2
Suppose 0 = 5*s + 15, 0 = c + 3*s + 17 - 2. Let b be (5/(-10))/(1/c). Let u(w) = -2*w**2 + 2*w + 2. What is u(b)?
-10
Let i(m) = m**3 + 8*m**2 + 3. Let t be i(-8). Let c(o) be the third derivative of 1/2*o**t + 0 + o**2 - 1/24*o**4 + 0*o. Determine c(-4).
7
Let v(w) be the second derivative of 3*w**5/20 - w**4/6 + w**3/6 - 4*w. What is v(1)?
2
Let u(l) = -l - 1. Suppose 0 = 3*m - 18. Determine u(m).
-7
Let f(j) = 2*j - 1. Let z = -57 + 56. What is f(z)?
-3
Let k(u) be the first derivative of 10*u**3/3 - u**2 + u - 17. Give k(1).
9
Let x(d) = 2 - 2 - d**2 + 6 + 4*d - 3. Suppose -14 = -3*t - 4*b, 5*b - 3*b = -3*t + 16. Suppose y + 2*c = t, y - 9 = -2*y + 3*c. Give x(y).
3
Let h(m) be the first derivative of 4*m**3 - m + 1. Let i be (0 + 4)/(1/2). Suppose -4*o - 4 = -i*o. Calculate h(o).
11
Let c(f) = f**3 - f**2. Let t(w) = 3*w**3 - 7*w**2 - w + 3. Let x = -17 - -15. Let n(j) = x*c(j) + t(j). Calculate n(5).
-2
Let p(h) be the first derivative of -3*h**4/2 + h**2/2 - 3. Suppose 3*g = 5*o + 6 + 2, 3*g - 4 = o. Calculate p(o).
5
Suppose -5 = -m, -2*m + 3 + 3 = -2*a. Let x = -2 + a. Let g(z) = 3*z**2 - 5 + 0*z**2 + z - 2*z**2. What is g(x)?
-5
Suppose -4*q + 9*q - 35 = 0. Suppose 3*v = 11 + q. Let m(i) = 4 - 4*i + 5 + i. Determine m(v).
-9
Let f = 4 + -9. Let h(v) = v + 1. Calculate h(f).
-4
Let r(c) = 2*c**3 + 13. Let l(x) = -3*x**3 - 27. Let q(y) = 3*l(y) + 5*r(y). Determine q(0).
-16
Suppose -5 - 12 = x - 3*g, 0 = -3*x - 2*g + 4. Let t(k) = 6*k**2 + 13*k + 8. Let p(j) = -j**2 - 3*j - 2. Let w(n) = 9*p(n) + 2*t(n). Calculate w(x).
12
Let j = -11 - -6. Let z be -8*(2 + -3) - 2. Let v(u) = 3*u + 10. Let m(i) = 3*i + 11. Let h(b) = z*v(b) - 5*m(b). Calculate h(j).
-10
Let p = -23 + 18. Let u(n) = n**3 + 5*n**2 - n - 7. Determine u(p).
-2
Let g be (-2 - -4)*(-12)/24. Let o(h) = -21*h**2 + h. What is o(g)?
-22
Suppose -5 = 2*i - 9. Let c be i/2 - 1*-1. Let a(w) = -2*w**3 + 2*w**2 + w + 2. What is a(c)?
-4
Suppose 5*r - 160 = 25*r. Let o(c) = -c - 5. Determine o(r).
3
Let v be 4*(7 + -4)/((-3)/2). Let l(f) = f**2 + 6*f - 5. Give l(v).
11
Let u(a) =